Let u(w) = -w**3 + 4*w**2 + 36*w - 11. Let k be u(5). What is the greatest common divisor of 81 and k?
9
Let f = 67 - -10. Suppose -19*i = -15*i + 12. Let s be ((-22)/(-6))/((-1)/i). Calculate the highest common factor of f and s.
11
Let g(m) = -m**3 + 44*m**2 + 5*m + 192. Let z be g(44). Calculate the greatest common divisor of 103 and z.
103
Let d(m) = 3*m. Let v be d(5). Suppose -v*h = -14*h - 16. Calculate the greatest common divisor of h and 128.
16
Let z(u) = u**3 + 2*u**2 - u - 2. Let s be z(-1). Suppose -5*i = w - 19 - 39, s = w - i - 28. What is the highest common divisor of 3 and w?
3
Suppose -1582 = 65*j - 66*j. What is the highest common divisor of 7 and j?
7
Let k = 62 - 107. Let h = -7 - k. Calculate the greatest common factor of h and 19.
19
Suppose 32*r - 1790 = 706. What is the greatest common divisor of 208 and r?
26
Suppose 5*g - 7 = 2*q + 25, -q = g - 12. Let y(u) = -u**2 + 12*u - 15. Let m be y(g). What is the highest common divisor of m and 85?
17
Suppose v + 2886 = 5*b + 245, 0 = 5*v + 5. Calculate the highest common divisor of b and 48.
48
Let b(h) = -3*h**3 + 4*h**2 + 9*h + 4. Let x be b(-3). Calculate the greatest common divisor of 2 and x.
2
Suppose -3*c - 6 = 0, -4*c + 92 = -3*u + 2*u. Let s = u - -169. Suppose -6*t + s = -3*t. What is the greatest common divisor of 184 and t?
23
Suppose 0 = -3*n - 15, -5*s - 3*n = -s - 25. Let b be 1 + 0 + (-4)/4. Suppose b = 5*v - 560 + 10. What is the greatest common divisor of s and v?
10
Let f = 22 + -21. Let b(a) = f - 1 + 4*a**2 - 1 + 2 - a**3. Let h be b(3). Calculate the highest common divisor of 15 and h.
5
Let q(a) = -20 - 2 + 3*a - 33 + 0. Let f(p) = 2*p - 28. Let l(m) = 5*f(m) - 3*q(m). Let g be l(-11). Calculate the greatest common factor of g and 21.
7
Let b = -100 + 1129. Calculate the highest common divisor of 63 and b.
21
Let n(g) = -13*g - 22. Let t be (68 - 67)*(1 + -2 + -3). Let a be n(t). Let q(k) = -k + 5. Let c be q(-5). What is the greatest common factor of a and c?
10
Let c = -2108 + 2138. What is the greatest common divisor of 1410 and c?
30
Let v = 281 + -51. Suppose 6*m - v = 154. Let q(f) = f**3 - 4*f**2 - 2*f - 7. Let x be q(5). What is the greatest common divisor of m and x?
8
Let a(b) = 12*b + 603. Let i be a(-43). What is the highest common divisor of 3567 and i?
87
Let f(l) be the third derivative of l**4/8 + l**3/2 + 2*l**2. Let u be f(3). What is the greatest common factor of u and 132?
12
Let c = -8 + -18. Let d = 35 + c. Calculate the highest common factor of 72 and d.
9
Let n = -54 - -59. Suppose 210 = n*g - 2*x, -x + 75 = -g + 3*g. Calculate the greatest common divisor of 5 and g.
5
Suppose -5*u = -t - 101, -3*u + 103 = 2*u - 3*t. Suppose -u = -4*v + 2*i, v - 2*i - 3 - 8 = 0. Calculate the greatest common divisor of 6 and v.
3
Let o be 5*(-2 + 1 - (-5 + 2)). Suppose -3*t - 4*w = -o, -3*w - 5 = t - 0*w. What is the greatest common factor of t and 10?
10
Suppose -27 - 9 = -4*g. Let a = g + -6. Suppose 0 = -a*v + 41 + 31. What is the highest common divisor of v and 12?
12
Let b = 26 + -12. Suppose -k - 3*j = 5, 3*k = 5*k + j - 5. What is the greatest common divisor of b and k?
2
Let t = 809 + -714. Calculate the greatest common factor of t and 10.
5
Let c(j) = 5*j**2 + j + 40. Let f be c(-4). What is the greatest common divisor of 203 and f?
29
Let t = 658 - 570. Calculate the greatest common factor of 8 and t.
8
Let b(s) = -13*s - 5. Let g be b(-1). Calculate the highest common factor of 14 and g.
2
Let u be 100/30*(414/12 - -6). What is the greatest common factor of 90 and u?
45
Suppose 5*a - 1 = -11. Let l = 169 - a. Let u = -79 + l. What is the greatest common divisor of 23 and u?
23
Let y(a) = -3*a - 1 + 1 + 9. Let f be y(-6). Calculate the greatest common factor of f and 216.
27
Let b(n) = -9*n**3 - 44*n**2 + 5*n + 11. Let c be b(-6). Let i(v) = 9*v**2 + 2*v - 1. Let u be i(-2). What is the greatest common divisor of u and c?
31
Suppose -n + 3*t - 301 = -727, -3*n - 5*t + 1264 = 0. What is the greatest common factor of 9 and n?
9
Let h(i) = -10 - 9 - 1 + 52*i. Let m be h(2). Calculate the highest common factor of 12 and m.
12
Suppose 5*w = -2*p + 1337 + 258, 0 = w - 3*p - 302. Suppose -w - 142 = -3*m. What is the highest common divisor of 17 and m?
17
Let d = 1589 - 1159. What is the highest common factor of d and 10?
10
Let j(l) = l**3 - 3*l**2 + 2*l + 2. Let n be j(2). Suppose 3*c = -n*s + 28, 2*s - 6 = -s. What is the highest common divisor of 72 and c?
8
Let n = 301 + -97. What is the greatest common divisor of 136 and n?
68
Let f(h) = 66*h**2 - 4*h - 2. Let a be f(-2). Calculate the highest common divisor of a and 30.
30
Suppose 0 = 11*a - 69 - 96. Calculate the greatest common factor of a and 375.
15
Suppose -2*t - 5 = -25. Let l = t - 5. Suppose -3*s + 441 = 4*g, 0*g - l*g = -2*s + 271. What is the greatest common factor of s and 13?
13
Let d be 7 - (-3 + 4) - (-14)/1. What is the greatest common divisor of d and 44?
4
Let y(j) = -j**3 + 9*j**2 + j + 3. Let i be y(9). Suppose -1656 = -0*o - 9*o. Suppose 5*g = o - 4. Calculate the highest common divisor of g and i.
12
Let z(q) = -q - 11. Let s be z(0). Let f = 15 + s. What is the highest common divisor of 28 and f?
4
Let x be (0 + 17)/((-1)/(-1)). Let t = -326 + 325. Let v = t + x. What is the highest common factor of v and 8?
8
Suppose 2*s + 687 = 5*a, 0 = 3*a - 5*s + 97 - 494. Suppose 0 = -4*j + n + a, -5*j = -4*j - 4*n - 46. What is the greatest common factor of 34 and j?
34
Suppose 2*f + 24*f - 18018 = 0. Calculate the greatest common factor of f and 33.
33
Suppose -d + 28 = -4*j, 0 = d - 3*d + 5*j + 65. Let k = -803 - -819. What is the greatest common factor of k and d?
8
Let x = -161 - -315. What is the greatest common divisor of x and 168?
14
Let n = -626 - -910. Let w be (-1 + 0 + -1)*-2. Suppose -k = -0*y - 3*y - 59, 5*k - w*y - n = 0. Calculate the highest common factor of 7 and k.
7
Suppose 180 = 15*z + 5*z. Calculate the highest common factor of z and 2.
1
Let k = -14 + 12. Let m be (1/k)/((-4)/72). Calculate the highest common factor of 81 and m.
9
Let g be (42/(-10) + 6 + 0)*10. What is the greatest common divisor of 45 and g?
9
Suppose 4*v - 1216 + 156 = 0. Let i = -157 + v. Suppose -3*k = -k - i. Calculate the greatest common divisor of k and 6.
6
Let o be (-160)/(-6) - 3/(-9). Let k = 380 - 245. What is the greatest common factor of o and k?
27
Let g(k) = 12*k - 2. Let n(a) = -a**2 + 6*a - 7. Let s be n(3). Let w be g(s). What is the greatest common factor of 33 and w?
11
Let b(n) = n**3 + 29*n**2 + 62*n + 270. Let g be b(-27). Calculate the highest common divisor of g and 1656.
18
Suppose 13*a + 7*a = 10*a. Suppose 2*l + 4*r - 24 = -l, 4*r = a. Calculate the highest common factor of 1 and l.
1
Let r(d) = -d**3 - 9*d**2 + 2*d - 10. Let l(c) = -c**2 - 10. Let o be l(0). Let g be r(o). What is the highest common factor of 20 and g?
10
Let h(u) = -u**3 + 5*u**2 - 6. Let i be h(4). Suppose -i = -14*x + 60. Calculate the highest common factor of x and 35.
5
Let j be 7 + (0 - -2)*1. Suppose 3*f = -0*f + j. Suppose -f*i - 2 = -i, -5*i = t - 27. Calculate the highest common divisor of 80 and t.
16
Suppose k = -5, -4*g = k + 22 - 69. Let m be -26*((-3)/(-5))/((-14)/105). Calculate the highest common factor of m and g.
13
Let s be 586/5 - 7/35. What is the highest common factor of 72 and s?
9
Let q = 25 - 14. Suppose 12 = q*b + b. What is the highest common divisor of b and 4?
1
Let u(v) = v. Let d be u(0). Let a be (4 - d)*9240/32. Suppose -2*x + 924 = 2*x + 4*t, -5*x - t + a = 0. Calculate the greatest common divisor of x and 21.
21
Suppose -3*b = -5*x - 2*b - 74, -5*x - 71 = -4*b. Let j = 22 + x. Let q be (2 - (j - 2))*-8. Calculate the greatest common factor of q and 60.
12
Let x be 64*((-2)/4)/(-1). Let d = 201 - 191. Suppose -x = 9*f - d*f. Calculate the highest common factor of f and 8.
8
Let g be (-4)/3 + 32/24. Suppose -z + 6*z = g. Suppose 6*f = -z + 18. What is the greatest common factor of 15 and f?
3
Let f(s) = -2*s**2 + 19*s + 48. Let d be f(11). Let z = -773 + 552. Let r = -56 - z. Calculate the highest common divisor of d and r.
15
Let b(g) = -g**2 - 13*g - 12. Let q be b(-9). Let y be 5 - 23*(-11 + 6). Calculate the greatest common factor of q and y.
24
L